- 52. Determine o(-22).
2984
Let u(s) = -2*s**3 + 176*s**2 - 1129*s + 31. Calculate u(81).
436
Let g(a) = -86*a**2 - 1588*a - 2665. Determine g(-17).
-523
Let f(m) = 869*m + 8863. Give f(-10).
173
Let m(r) = 123*r - 1074. What is m(6)?
-336
Let k(l) = -14838*l - 341553. Give k(-23).
-279
Let q(r) = -25*r**2 - 413*r + 132. Determine q(-17).
-72
Let s(r) = -82*r + 2946. Calculate s(40).
-334
Let h(t) = t**3 + t**2 + 1132*t + 23896. Give h(-17).
28
Let z(y) = -2*y**2 + 581*y + 18216. Give z(-29).
-315
Let t(a) = 339*a - 6037. What is t(17)?
-274
Let a(s) = -159*s - 4168. Give a(-39).
2033
Let n(a) = -a**3 + 18*a**2 - 91*a - 7. What is n(8)?
-95
Let t(p) = 2*p**3 + 18*p**2 - 72*p - 644. Give t(-9).
4
Let r(i) = -1689*i + 116150. Give r(70).
-2080
Let b(m) = -46*m**2 - 201*m - 94. Calculate b(8).
-4646
Let d(u) = -434*u - 34042. Give d(-80).
678
Let n(u) = -33*u**2 - 2643*u - 229. Give n(-80).
11
Let q(p) = -p**3 - 17*p**2 + 112*p + 197. Calculate q(-22).
153
Let q(a) = 6*a**2 - 411*a + 2225. Determine q(6).
-25
Let m(n) = 113*n**2 + 26212*n - 941. Give m(-232).
-13
Let x(z) = -z**2 + 331*z - 3906. Determine x(320).
-386
Let h(k) = -93906*k + 1502483. What is h(16)?
-13
Let n(d) = 4*d**3 + 15*d**2 + 2*d + 41. Give n(-7).
-610
Let i(p) = -3*p**3 - 640*p**2 - 836*p + 2594. Determine i(-212).
50
Let k(y) = 2394*y + 847493. Determine k(-354).
17
Let g(k) = 6*k**3 - 14*k**2 - 1931*k + 7805. Give g(4).
241
Let q(a) = -4040*a - 1935170. Give q(-479).
-10
Let v(f) = -f**3 - 284*f**2 - 18639*f + 336. Give v(-103).
-76
Let g(h) = -3413*h - 3188. Determine g(-1).
225
Let a(i) = -3*i**2 - 5453*i + 60341. What is a(11)?
-5
Let s(r) = 5*r**2 - 1455*r + 7136. What is s(286)?
-14
Let v(q) = 2*q**3 - 85*q**2 + 97*q - 440. What is v(40)?
-4560
Let j(d) = -2*d**3 + 41*d**2 - 82*d - 1334. Determine j(12).
130
Let i(h) = -h**3 - 10*h**2 - 56*h - 97. What is i(-7)?
148
Let w(a) = -21*a**2 + 99*a - 643. Give w(6).
-805
Let n(m) = m**3 + 28*m**2 - 4019*m - 674. What is n(-79)?
-1464
Let c(o) = 15260*o - 1739649. What is c(114)?
-9
Let k(d) = d**3 + 2*d**2 - 105*d - 365. Give k(-4).
23
Let w(x) = 10*x**2 + 917*x + 20562. Give w(-39).
9
Let o(i) = -3*i**3 + 188*i**2 - 1636*i + 16. Calculate o(10).
-544
Let w(d) = -2*d**3 + 2061*d**2 - 9240*d + 6187. Calculate w(1026).
31
Let b(s) = 1360*s**2 - 105*s - 104. Give b(-1).
1361
Let r(y) = -12*y**2 - 12*y - 59. Calculate r(7).
-731
Let r(q) = 9158*q - 73224. Calculate r(8).
40
Let d(q) = -264*q**2 - 143*q - 289. Determine d(-2).
-1059
Let l(x) = x**2 - 93*x + 186. Determine l(23).
-1424
Let j(i) = 100*i**2 - 1401*i + 38. Give j(14).
24
Let z(b) = -865207*b - 19899763. Determine z(-23).
-2
Let r(k) = -89*k**2 + 3276*k - 61. Determine r(36).
2531
Let s(o) = 395*o + 45033. Determine s(-114).
3
Let h(z) = 8*z**2 - 20*z - 2057. Give h(-25).
3443
Let l(x) = -2*x**2 - 4867*x - 49. Give l(0).
-49
Let o(y) = -6151*y - 615095. Calculate o(-100).
5
Let i(h) = -22*h**2 - 2615*h + 38150. Determine i(-132).
2
Let b(g) = -g**3 + 14*g**2 - 74*g + 1540. What is b(16)?
-156
Let u(n) = -88753*n - 9674081. Calculate u(-109).
-4
Let r(a) = -30998*a + 31008. What is r(1)?
10
Let l(p) = 607*p**2 - 566*p - 30. Determine l(1).
11
Let q(o) = o**2 + 47*o - 4344. Calculate q(46).
-66
Let w(x) = x**2 - 61*x - 635. Give w(76).
505
Let l(x) = x**2 + 2854*x + 101274. Calculate l(-36).
-174
Let v(f) = -f**2 + 2550*f - 27915. Determine v(11).
14
Let d(a) = 527112*a - 527093. What is d(1)?
19
Let j(b) = -73367*b - 2787936. Calculate j(-38).
10
Let b(k) = 50398*k - 5543777. Calculate b(110).
3
Let y(i) = 726*i + 627. Determine y(4).
3531
Let z(o) = -29709*o**2 + 594187*o - 127. Calculate z(20).
13
Let f(d) = -538*d**3 - 11*d**2 - 7*d + 1. What is f(1)?
-555
Let v(p) = 61*p**3 + 1406*p**2 + 68*p - 35. Give v(-23).
-12
Let b(q) = -6*q**2 + 3024*q + 6042. Calculate b(-2).
-30
Let s(i) = 2*i**2 + 48*i - 1311. What is s(0)?
-1311
Let p(j) = -j**2 + 5257*j + 47354. Determine p(-9).
-40
Let r(p) = -1593*p**2 + 165674*p - 87. Give r(104).
121
Let n(i) = 2*i**3 + 37*i**2 - 4384*i - 82940. Calculate n(-19).
-5
Let z(u) = 3594*u + 1272259. Give z(-354).
-17
Let m(c) = -33*c**2 + 267*c - 5. Give m(8).
19
Let c(z) = z**3 + 37*z**2 - 155*z + 388. What is c(-40)?
1788
Let h(o) = 2012*o + 22345. Calculate h(-12).
-1799
Let g(s) = -520*s**3 - 1550*s**2 - s - 1. What is g(-3)?
92
Let q(r) = 1682*r - 25684. Give q(15).
-454
Let b(u) = -u**2 - 1123*u - 298788. Determine b(-433).
-18
Let i(o) = o**3 - 223*o**2 + 1762*o + 3678. What is i(10)?
-2
Let z(k) = -1231*k + 29738. Determine z(24).
194
Let t(i) = -99*i**2 - 9069*i + 10. Give t(-92).
-3578
Let u(t) = -7*t**3 - 2*t**2 + 344*t + 1446. Determine u(-7).
1341
Let v(c) = 3035*c + 27351. Determine v(-9).
36
Let g(q) = 3*q**3 + 265*q**2 + 940*q - 12. Calculate g(-4).
276
Let v(n) = -3926*n + 98240. Give v(25).
90
Let k(j) = -j**3 - 174*j**2 + 899*j + 12. Calculate k(5).
32
Let a(x) = 111*x - 6229. Calculate a(65).
986
Let c(i) = -3*i**3 + 43*i**2 + 34*i + 4. Calculate c(15).
64
Let l(j) = 10*j**2 + 2263*j + 4480. Calculate l(-2).
-6
Let a(j) = j**3 - 49*j**2 + 72*j + 117. What is a(48)?
1269
Let o(k) = k**3 + 20*k**2 + 93*k + 722. Give o(-14).
596
Let r(t) = 1399*t - 34952. Give r(25).
23
Let m(t) = 2255*t - 96960. Calculate m(43).
5
Let s(l) = 51*l**2 + 653*l - 206. Give s(-13).
-76
Let a(x) = -4*x**3 - 40*x**2 + 81*x + 1158. What is a(-8)?
-2
Let d(v) = -30*v**2 + 698*v + 2157. Calculate d(-3).
-207
Let s(t) = t**3 + 48*t**2 + 410*t + 19555. Give s(-48).
-125
Let j(o) = 53523*o + 321135. What is j(-6)?
-3
Let v(d) = 8007*d - 504468. Give v(63).
-27
Let l(a) = -6508*a + 182234. What is l(28)?
10
Let c(t) = -3*t**3 - 31*t**2 - 50*t - 371. Calculate c(-12).
949
Let g(t) = 3*t**3 + 305*t**2 - 409*t - 532. Calculate g(-103).
-841
Let h(m) = 105747*m - 8142534. Calculate h(77).
-15
Let r(n) = n**3 + 417*n**2 - 8547*n + 84368. Give r(-437).
27
Let y(d) = -29*d**3 - 163*d**2 + 7*d + 3. What is y(-2)?
-431
Let c(z) = 87*z + 4033. Give c(-54).
-665
Let j(h) = 488*h + 111336. Calculate j(-226).
1048
Let r(t) = -t**2 + 187*t + 13278. Calculate r(241).
264
Let c(u) = -4*u**2 - 75*u + 469. Determine c(13).
-1182
Let c(a) = -8566*a + 188555. Determine c(22).
103
Let g(i) = -10*i**2 + 1352*i + 18. Give g(135).
288
Let f(p) = -858*p + 43329. Determine f(50).
429
Let y(c) = -18*c**2 + 3150*c + 106549. What is y(-29)?
61
Let i(g) = -2*g**3 - 111*g**2 + 44*g + 11070. Calculate i(-54).
-54
Let q(o) = -5*o**2 + 1143*o - 12941. What is q(218)?
-1387
Let f(a) = 114875*a - 42733502. Calculate f(372).
-2
Let c(z) = -347*z**2 - 60749*z - 4201. Calculate c(-175).
-1
Let h(d) = 3*d**3 + 93*d**2 - 1381*d + 215. Determine h(-42).
5
Let s(w) = -2*w**3 - 19*w**2 + 219*w + 2054. Determine s(-9).
2
Let u(m) = -m**3 + 9*m**2 - 31855*m + 286685. Calculate u(9).
-10
Let y(d) = -6648*d - 292521. Calculate y(-44).
-9
Let l(i) = i**2 - 65*i - 1536. Determine l(83).
-42
Let y(u) = u**3 + 562*u**2 - 20235*u + 17263. What is y(-596)?
-21
Let l(v) = -11*v - 984. Calculate l(-27).
-687
Let c(q) = q**2 + 61030*q + 305121. Calculate c(-5).
-4
Let k(m) = 6783*m + 108526. What is k(-16)?
-2
Let y(l) = l**2 + 308*l + 23344. Give y(-173).
-11
Let f(w) = 978983*w + 4894922. What is f(-5)?
7
Let v(b) = -7*b**3 - 13*b**2 - 11*b - 80. Calculate v(-4).
204
Let q(j) = 2971*j + 3470132. Calculate q(-1168).
4
Let b(y) = 22*y**3 + 160*y**2 + 17*y - 165. Determine b(-7).
10
Let h(o) = -25*o**2 + 2518*o - 244. Determine h(101).
-951
Let z(q) = 528*q**2 - 344794*q + 6541. Determine z(653).
11
Let n(g) = -g**3 + 28*g**2 - 158*g - 73. Determine n(16).
471
Let t(n) = -n**3 - 9*n**2 - 13*n + 2018. What is t(10)?
-12
Let t(p) = p**2 + 35*p - 1386. Give t(-67).
758
Let h(y) = -135*y - 5989. Determine h(-33).
-1534
Let d(o) = 72226*o - 144392. Give d(2).
60
Let p(b) = 2*b**3 - 523*b**2 + 2567*b + 160. Give p(5).
170
Let i(c) = -8029*c + 39. Give i(0).
39
Let q(r) = r**2 - 1365*r + 28223. Calculate q(21).
-1
Let y(h) = 2*h**3 - 156*h**2 - 155*h + 864. What is y(79)?
1101
Let d(j) = 291*j + 5882. Give d(-20).
62
Let y(b) = 5*b**2 - 182*b - 1314. Determine y(42).
-138
Let d(o) = -29360*o - 322791. What is d(-11)?
169
Let n(c) = 106*c + 16354. Give n(-153).
136
Let v(f) = -6856*f + 898130. What is v(131)